c) = 6*c + 1. Suppose -4*l - 11 = -7. Let m be 5*(-4 + 4 + l). Let k(x) = m*n(x) - 4*f(x). Calculate k(-5).
1
Let k(n) = n + 9. Let d = 165 + -159. Let r be (-28)/(-6)*d/(-4). Determine k(r).
2
Let u = 29 + -55. Let n = -24 - u. Let o(p) = -4*p**2 - 3*p + 1. Calculate o(n).
-21
Let l(v) = v + 8. Suppose -4 = -2*d, -3*d - 5 = -h - 21. What is l(h)?
-2
Let w(r) = -10*r - 1. Let i be 37/(2/(4/(-2))). Let z = 38 + i. Calculate w(z).
-11
Let u be (-18)/8 - -2 - (-182)/56. Let w(o) = 7*o - 4. Give w(u).
17
Let m(q) = -q**3 + 15*q**2 + 16*q + 15. Let t be m(16). Let s(f) = 36*f**2 - t*f**2 + 0 - 3 + 2. What is s(1)?
20
Let j be 0/((-1)/(-1 - -2)). Suppose 2*r - 12 = -2*c - j*c, 0 = -3*c - 4*r + 22. Let u(y) = -y**c - 4*y**2 + 1 - 3 - y**3 - y**2 - 6*y. What is u(-5)?
3
Let q = 711 + -711. Let s(f) = 2*f - 3. Give s(q).
-3
Let j(u) = -4*u + 1. Let w(z) = 5*z - 1. Let q be 3*-4*(-4)/16. Let l(g) = q*j(g) + 2*w(g). Suppose -4*o + 2*r = 10, 7*r = -3*o + 2*r - 14. Give l(o).
7
Let m(h) = 9*h + 4. Let n(w) = -2*w**3 - 11*w**2 - 3*w + 7. Let k be n(-5). What is m(k)?
-23
Let x(v) = -3*v**2 + 4*v - 5. Let u = -1 + 1. Let w(r) = -3*r + 7*r**2 + 11 - 5*r + u*r + r. Let j(o) = -2*w(o) - 5*x(o). Calculate j(2).
-5
Let f(u) = -u**3 - 3*u**2 + 4*u - 2. Let w(s) = 10*s - s - 3*s**2 - 8*s. Let r be w(-1). Give f(r).
-2
Let v(d) = d + 1. Suppose 3*s - 116 = -5*u, -s + 27 = 4*u - 70. Let a = -27 + u. What is v(a)?
-1
Let l(f) = 15*f**2 - 31*f + 3. Let k be l(2). Let n(z) = 2*z**2 + 1. Give n(k).
3
Let u be ((-2)/(-2))/((-7)/(-21)). Suppose 2*o = -4*b - 7 + 17, 9 = u*b + 2*o. Let s(q) = -q - q**3 - 5 + q**2 + 3*q + 7 - b. Determine s(2).
1
Let h(x) = 2*x**3 - 3*x**2 + 4*x - 5. Let t be h(2). Let i(u) = -3*u - u - 2*u + t*u. What is i(-6)?
-6
Let n(f) = 2*f - f**2 + f - 2 + 3. Let s be (3/9*-1)/1*6. Calculate n(s).
-9
Let j be (1/(-2))/((1 + 3)/40). Let c(t) = 3*t - 7. Determine c(j).
-22
Let a(v) = -v + 9. Suppose -49 = 8*j - j. Give a(j).
16
Let x(t) = -t + 1. Let y = -2 + 0. Let j(o) = -25*o + 12*o + 12*o. Let z(u) = y*j(u) + x(u). Calculate z(-6).
-5
Let r be 6/30 - 236/5. Let p = -53 - r. Let c(j) = -j**2 - 7*j - 5. Determine c(p).
1
Let q(p) be the second derivative of 0*p**3 - 7/12*p**4 + 3/2*p**2 + 3*p + 1/20*p**5 + 0. What is q(7)?
3
Let l(y) = y - y**3 - y**2 - 10 + y**2 + 3*y**2 - 4*y**2. Let g(r) = -r**3 - 6*r**2 + 8*r + 7. Let s be ((-2)/(-6))/((-9)/189). Let h be g(s). Give l(h).
-10
Let f be (-2)/(-2*(-1)/(-2)). Let z(y) be the third derivative of 1/2*y**3 + 32*y**2 - 1/8*y**4 + 0*y + 0. Give z(f).
-3
Let q(l) be the third derivative of l**6/360 - l**5/12 + 5*l**4/12 + 13*l**3/3 + 2*l**2. Let c(u) be the first derivative of q(u). Give c(8).
-6
Suppose 672*c = 667*c - 15. Let m(r) = r**3 - 5*r + 2. What is m(c)?
-10
Suppose -5*p = 2 + 23. Let h(q) be the third derivative of -q**5/60 - 5*q**4/24 - 2*q**3/3 - 36*q**2. Calculate h(p).
-4
Let k = 57 + -54. Let a(f) = 1 - 1 + 591*f**3 - 595*f**k. What is a(-1)?
4
Let f(c) = 4*c + 23. Let w = -476 - -469. Calculate f(w).
-5
Suppose 3*v - 5*h + 29 - 10 = 0, 10 = 2*h. Let p(g) = -6*g - 6*g + g**v - 1 - 9*g**3 + 12*g. Let u = 7 - 6. Give p(u).
-9
Suppose 3*h = -3, -2*j - 5*h = -4*j + 9. Let c(r) = r + 0*r - j*r + 6. Calculate c(0).
6
Let r(b) = -2*b + 128. Let z be r(59). Let n(s) = 2*s - 18. Determine n(z).
2
Let o(h) = -h**2 + 14*h - 13. Let g be o(12). Let w(j) = 3*j**2 - 6*j. Let l(u) = 16*u**2 - 30*u - 1. Let q(z) = g*w(z) - 2*l(z). Determine q(6).
2
Let x(q) = q**3 - q**2 - 15. Let o be x(0). Let j be o/(-10) + 3/2. Let g(k) = 4*k - k**j + 2*k**2 + 0 + k - 2 - 2. What is g(3)?
2
Suppose -3*f + 10 - 115 = 0. Let v = -28 - f. Let y(x) = -x**3 + 7*x**2 - 4*x + 7. What is y(v)?
-21
Suppose 65 = 20*k + 445. Let x(g) = g**2 + 21*g + 38. Calculate x(k).
0
Let h(s) = -8*s + 7. Let w(o) = 71*o + 73. Let g be w(-1). Give h(g).
-9
Suppose -6 = 4*m - 2, 0 = -5*l + 2*m + 17. Let i(x) = -x**3 - 6*x**2 - 4 + 6 - 6*x + l. Let s be i(-4). Let y(p) = p**3 + 2*p**2 - p. Determine y(s).
-6
Let s be (-17)/(-17) - (3*-1 - 0). Suppose 15 = -s*k + k. Let l(o) = -5*o. Let b(r) = 11*r + 1. Let z(m) = 3*b(m) + 7*l(m). Calculate z(k).
13
Let l(j) = 196*j - 1 - 97*j - 101*j. Give l(-6).
11
Let y(d) be the first derivative of d**2 + 4*d - 67. Determine y(5).
14
Let l(z) = -9*z**2 + 3*z + 2. Let w be l(-1). Let y be (-2)/(-8)*2*w/(-5). Let m(x) = -12*x**3 - 1. Give m(y).
-13
Let q(y) = -2*y. Let r(d) = 11*d + 4. Let b(a) = 2*q(a) - r(a). Determine b(-1).
11
Let p(h) = 13*h - 34. Let l(q) = -7*q + 18. Let o(y) = 11*l(y) + 6*p(y). Give o(5).
-1
Let m(f) be the third derivative of f**6/180 + 3*f**5/40 + f**4/12 + 25*f**2. Let o(w) be the second derivative of m(w). Give o(-6).
-15
Let l(k) = -k + 1. Let p(d) = 1. Let a(x) = -2*l(x) - p(x). Let c be (-80)/14 + 2/(-7). Calculate a(c).
-15
Let l(g) = -7*g + 80. Let y be l(12). Let u(f) = -2*f - 8. Calculate u(y).
0
Let z(m) = m**3 + 3*m**2 - m. Let o be z(-3). Let d(g) = -3*g + o*g - g + 3*g. Give d(2).
4
Let u(o) = o**3 - 6*o**2 + 3*o - 1. Let i = -24 - -24. Let h be 0 - (2 + -7 + i). Give u(h).
-11
Let c(o) = -1 - 2*o + 3*o - 3*o - 11 + 8. What is c(-3)?
2
Let h(k) = -2 + 6*k**2 - k**3 - 3*k**2 + 2*k**3. Let o be (-2)/(-3) - 2 - 4/6. What is h(o)?
2
Let d(c) = -c**2 + 6*c. Let r(h) = -3*h**2 + 163*h - 50. Let a be r(54). Determine d(a).
8
Suppose -4*d + 61*l - 40 = 57*l, -12 = 4*l. Let a(c) = 8*c - 9*c - 2 + 3 - 10. Calculate a(d).
4
Suppose -4 = 2*y - 2*t, -4*y = -5*y + 5*t - 10. Let u(c) = -c**2 + c + 2. Let v be u(0). Let b(q) = -19 - q + v*q + 13. What is b(y)?
-6
Let g = -50 + 54. Let h(y) be the first derivative of -2*y**3/3 + 7*y**2/2 - 4*y - 18. Determine h(g).
-8
Let d(h) = -h**2 - 9*h + 4. Suppose -2*y = 3*y + 45. Let b be d(y). Let k(f) = -f**2 - f + 1. Let t(v) = 5*v + 2. Let x(o) = k(o) + t(o). Determine x(b).
3
Let z(r) = -3*r - 42. Let u(i) = 2. Let m(s) = 15*u(s) + z(s). Determine m(-6).
6
Let o(z) = 3*z + 4. Let n be 70/22 + (-2)/11. Suppose 4*v + 4*d - 4 = -24, n*v + 2*d = -15. Determine o(v).
-11
Let z(f) = -21*f + 11. Let v(k) = 43*k - 24. Let a(u) = -6*v(u) - 13*z(u). Determine a(-1).
-14
Let d(g) = -3*g - 7. Let k(p) = p - 1. Let j(n) = -d(n) - 2*k(n). Determine j(0).
9
Suppose -l = 10*l - 55. Let i(r) = 3*r + 3. Let w(n) = -2*n - 1. Let a(k) = -3*i(k) - 5*w(k). Let c be a(l). Let f(g) = 6*g**2. Determine f(c).
6
Let m(t) = -3*t**2 + t. Suppose 2*b + 2*b = -32. Let o = -6 - b. Suppose 0 = u + o - 3. Give m(u).
-2
Let p(b) = -35*b**3 - b**2. Let o be (0 - (-4)/12)*(3 + -6). Determine p(o).
34
Let s = -23 - -29. Let v(y) be the second derivative of y**5/20 - y**4/2 - 5*y**3/6 + 3*y**2 - 2*y + 51. Calculate v(s).
-24
Let g(u) = -7*u**3 - 17*u**2 + 45*u + 30. Let c(o) = -3*o**3 - 9*o**2 + 18*o + 15. Let s(x) = -5*c(x) + 2*g(x). What is s(-11)?
-15
Let l(z) = 6*z + 0*z**2 - z**2 - 15 - 21 + 56 - 19. Give l(5).
6
Let b be (-4 - -2) + 0/(-6). Let d(y) = y**3 + 3*y**2 + 2*y + 2. Let p be d(b). Let l(w) = -4*w + w - 3 - w**3 + 2*w - 5*w**p. What is l(-5)?
2
Suppose -12*m - 112 = 4*m. Let c(k) be the second derivative of -k**3/6 + 2*k. What is c(m)?
7
Let u(l) = l. Let r(q) = -5*q + 1. Let n(i) = 2*r(i) + 11*u(i). What is n(7)?
9
Let k(f) = -f**3 + 8*f**2 + 10*f - 9. Suppose -4*n + 33 = 5*a - 7*n, -a - 11 = -5*n. Give k(a).
0
Let g(u) = 6*u - 6. Let s be 63/441 + ((-34)/(-7) - 1). Determine g(s).
18
Let v(a) = a**2 - 6*a + 2. Let n = -508 - -512. What is v(n)?
-6
Let d(p) = -p**2 + p + 18. Suppose -24 = -x - 3*x. Let q be (-5 - -5)*(-3)/x. Determine d(q).
18
Suppose 3*c = -2*f + 829, -2*c + 566 = -f + 5*f. Let i(w) = -272*w**2 - w + c*w**2 - 2*w - 5. Give i(5).
5
Let g(q) = q**2 - q + 17. Let i(z) = -47*z - 705. Let b be i(-15). What is g(b)?
17
Let x(q) be the first derivative of -q**2/2 + 22*q - 259. Calculate x(6).
16
Let v(g) be the third derivative of -g**5/60 + 11*g**4/24 - 3*g**3 - 362*g**2. What is v(4)?
10
Suppose 29*o + 7 = -r + 32*o, -4*r - 3*o = 73. Let g(l) = l**2 + 15*l - 21. What is g(r)?
-5
Let q(o) = -o**3 - 8*o**2 - 6*o + 6. Let x be q(-7). Let p be -1 + 3 + x - -4. Let z(m) = -m**3 + 6*m**2 - 5*m + 1. What is z(p)?
1
Let h be 2/12*2*(11 + 4). Suppose 5 = -q - 3*w, -h*q - 5*w = -3*q + 10. Let j(i) be the second derivative of i**4/12 + 7*i**3/6 + 5*i**2/2 - i. 